 List the prime factors of l.
2, 3
Suppose 0 = -v + 2 + 13. Suppose -7 = -s - v. List the prime factors of 429/44 - (-6)/s.
3
Let n be 3/(-6) + 154/4 + -3. Let f = n + -28. List the prime factors of f.
7
Let w(o) = 2*o**2 - 7*o - 9. Let f(p) = 5*p - 3. Let y be f(2). Let a be w(y). Suppose -6 = -3*j, 0 = -2*h - 2*h - 4*j + a. What are the prime factors of h?
2
Suppose -6*f = -2*f + 4*s - 80, -5*f = 3*s - 102. What are the prime factors of 254/4 + f/(-14)?
2, 31
Let z = 3143 + -1292. List the prime factors of z.
3, 617
Suppose -2*t - t = -24. Let i(d) = 15*d - 12. Let q be i(t). Let p = 180 - q. List the prime factors of p.
2, 3
Let y(p) = -10*p - 34. List the prime factors of y(-22).
2, 3, 31
Suppose 15*a - 12*a = -5*h + 7039, 5*h = -5*a + 7035. List the prime factors of h.
1409
Let c(d) = 6*d**2 + 119*d - 1. What are the prime factors of c(8)?
3, 5, 89
Let n(l) = -2*l + 48. Let k be n(19). What are the prime factors of 6/(-4) - ((-675)/k)/3?
3, 7
Suppose -47*f + 50*f - 612 = 0. Let n = f - 120. List the prime factors of n.
2, 3, 7
Suppose 0 = -z - 4*f + 404, 0 = -4*z - 5*f + 10*f + 1679. List the prime factors of z.
2, 13
List the prime factors of (-5 - 66)*(-10 - -9).
71
Let f = 14 + -14. Let z be -1 + f + -2 + 11. Suppose 7*h + 40 = z*h. What are the prime factors of h?
2, 5
Let r(k) = -k**3 + 9*k**2 - 7*k - 5. Let u be r(7). Let t = -27 + u. What are the prime factors of t?
17
Suppose 7*h = 4*h. Suppose h = -3*m + 11*m - 408. What are the prime factors of m?
3, 17
Suppose 0 = -a + 563 + 2816. What are the prime factors of a?
31, 109
Suppose 5*b + 46 = 2*h, -3*h + 0 = -9. Let i(j) = -j**2 - 8*j - 1. Let y be i(b). List the prime factors of (-45)/6*(y - 1).
3, 5
Let n be 8/6 + (-16)/3. What are the prime factors of ((-52)/8 + n)*-6?
3, 7
Let a be (-42)/(-12)*(-36)/(-21). Let q(j) be the first derivative of 2*j**3/3 - 5*j**2 + 7*j - 1. List the prime factors of q(a).
19
Suppose 1710*q = 1703*q + 2730. What are the prime factors of q?
2, 3, 5, 13
Suppose 4*g = 2*g + g. Suppose g = 5*a + 24 - 319. List the prime factors of a.
59
Suppose -8*r - 674 = -3546. What are the prime factors of r?
359
Let i = 3683 - 867. What are the prime factors of i?
2, 11
Let m be 1/((42/12)/7). Suppose m*x + w = -2*w + 172, 5*w = 5*x - 380. What are the prime factors of x?
2, 5
Suppose f - 2*s = -6*s - 8, s - 1 = -f. Suppose -7*y = -f*y. Suppose y*a = 4*a - 3*c - 24, 5*c = -3*a + 18. List the prime factors of a.
2, 3
Let f(v) = 43*v**2 - 18*v + 154. List the prime factors of f(7).
5, 7, 61
Let p(z) = 407*z - 448. List the prime factors of p(12).
2, 1109
Let p(h) = -h**3 - 8*h**2 + 10*h + 16. Let o be p(-9). Let c = o - -125. List the prime factors of c.
2, 3, 11
Let a = -232 - -247. List the prime factors of a.
3, 5
Let c = -300 + 597. List the prime factors of c.
3, 11
Suppose -3*j - s = 1172, 0*j + j - 5*s + 412 = 0. Let q be (j/(-10))/((-10)/(-50)). List the prime factors of (6/4)/(21/q).
2, 7
Suppose 52*y + 2615 = 57*y. What are the prime factors of y?
523
Suppose 4*s = -5*v + 1141, 4*s + v - 1136 = -3*v. List the prime factors of s.
3, 31
Suppose 880 = -4*z + 4*k, -3*z - 668 = -0*z - k. Let h = 368 + z. List the prime factors of h.
2, 3
Let q(c) = -c**3 - 5*c**2 - c + 5. Let s be q(2). Let k = 180 + s. What are the prime factors of k?
5, 31
Suppose -u - 5*b + 130 = 0, -3*u + 2*u + 148 = -b. List the prime factors of u.
5, 29
Let s(q) = q**3 + q**3 - q**3 + q + 3*q + 6*q**2 - 3. Let c be s(-5). Let k(z) = 11*z**2 - 6*z + 2. What are the prime factors of k(c)?
2, 17
Let w(v) = 2*v**2 - 5*v - 12. Let f be w(7). Let r = 116 - f. Let c = 108 - r. What are the prime factors of c?
43
Let p(w) = w + 9. Let v be p(-10). What are the prime factors of 5/(25/380) - 0/v?
2, 19
Let a(p) = -p + 10. Let y be a(8). Suppose 1 + y = 3*k. List the prime factors of k/(-5) + 151/5.
2, 3, 5
Suppose -5*l + 4 = -k, 2*k + 2*k + 16 = -5*l. Suppose l = -2*d + 438 + 42. List the prime factors of d.
2, 3, 5
Let q = 1876 - 691. List the prime factors of q.
3, 5, 79
What are the prime factors of 1432 - -133 - 1*-2?
1567
Let d be (-9 - -10)/((-1)/(-41)). Suppose -a + 9 = 2*a. Suppose -a*f + d = -2*f. List the prime factors of f.
41
Suppose 4*o + 7 = 55. Suppose 4*k = -2*n + 8 + 2, 5*n - 3*k = o. List the prime factors of n.
3
Let c(i) be the second derivative of i**4/3 + 7*i**3/6 + 4*i**2 + 12*i. List the prime factors of c(-4).
2, 11
Suppose -2*k + 4*n + 4 = 0, -2*n + 2 = -3*k + 4. Suppose 4*p - 35 - 89 = k. List the prime factors of p.
31
Suppose f - 3*j = -j + 112, -5*j = 4*f - 396. Suppose 15*y + f = 11*y. Let t = y + 29. What are the prime factors of t?
3
Suppose 4*a - 67 = 41. Let x = a + -13. What are the prime factors of x?
2, 7
Let a = 78 - 46. Suppose a + 44 = 4*i. What are the prime factors of i?
19
Let f be 2/(6/(-1 + -2)). Let d(o) = -253 + 6*o + 254 - 17*o - 35*o. List the prime factors of d(f).
47
Suppose 2 = 2*j + 18. Let b = j - -32. What are the prime factors of b?
2, 3
Let c be (-484)/(-8) - (-3)/6. List the prime factors of (2 + -1)*c - (-1 + 1).
61
Let s = 72 + -65. Let u(o) = 14*o - 46. List the prime factors of u(s).
2, 13
What are the prime factors of 2/(-11) - 12546/(-1122)?
11
List the prime factors of (-1)/(-3)*(-26439)/((-35)/5).
1259
Let l = 17 - 25. List the prime factors of (366/4)/((-12)/l).
61
Suppose -396 = -5*y - 11. What are the prime factors of y?
7, 11
Let l = -58 + 58. Let o(b) = -3*b**2 + 213. What are the prime factors of o(l)?
3, 71
Let w = -18 + 29. Suppose -m = -5*b + w, 4*m - m - b = 9. Let g(v) = 13*v - 14. What are the prime factors of g(m)?
2, 19
What are the prime factors of -2*39352/(-96) - (-1)/6?
2, 5, 41
Suppose 0 = -2*v + 4*t + 16, 0*v - 5*t = -v + 20. Suppose v = 6*g - 3*g - 549. What are the prime factors of g?
3, 61
Let p(a) = -2*a + 3. Let w be p(-9). Suppose 16*l - w*l + 45 = 0. List the prime factors of l.
3
Suppose -3*w - f + 698 + 50 = 0, -2*w + 516 = 5*f. What are the prime factors of w?
2, 31
Suppose -244 = -2*c + 4*p + p, 0 = -3*c - 4*p + 343. Let x be (-19)/(-1 + 3/4). Let b = c - x. What are the prime factors of b?
41
Let y(x) = x**2 + 10*x + 7. Suppose f + 10 = -4. List the prime factors of y(f).
3, 7
Let w = 4 - 2. Let l(h) = -3*h - 7*h**w + 4*h + 14*h**2. What are the prime factors of l(1)?
2
Suppose r - 27 = -5*l + 78, -3*r + 2*l = -230. List the prime factors of (-18)/(-8)*(-128)/(-120)*r.
2, 3
Let h = -2373 - -5025. What are the prime factors of h?
2, 3, 13, 17
Let m = -7 - -2. Let k = m - -4. Let i = k + 25. What are the prime factors of i?
2, 3
Let b = 583 - 337. List the prime factors of b.
2, 3, 41
What are the prime factors of 1*(-2)/10 + 35056/280?
5
Let f = -9 - 8. Let x be f/4 + 6/24. What are the prime factors of 4*-1*43/x?
43
Let u(b) = -b**3 + 6*b**2 - 2*b + 14. Let h be u(6). Suppose -q + h*q = -4*p + 75, -255 = -3*q - 2*p. List the prime factors of q.
3, 29
Suppose 0 = 4*t - 23 + 11. Suppose t*s + 334 = 5*s. What are the prime factors of s?
167
Let x(r) = 3*r**3 - 13*r**2 - 17*r - 12. Let k(a) = -4*a**3 + 14*a**2 + 18*a + 12. Let n(u) = -2*k(u) - 3*x(u). List the prime factors of n(12).
2, 3
Let t(n) = n**2 + 13*n + 12. Let i be t(-12). Let h = i - -1. Suppose w + h = 2*w, -5*k + 93 = 3*w. List the prime factors of k.
2, 3
Let b(f) = -39*f**3 - 2*f**2 - 2*f. Let n be b(-1). Let g be (-22)/(-77) + (-66)/(-14). Suppose -g + n = d. List the prime factors of d.
2, 17
Let c = 964 - 13. List the prime factors of c.
3, 317
Let g(z) = 5*z**2 - 20*z - 45. What are the prime factors of g(22)?
3, 5, 43
Suppose 0 = 4*d - 2*f - 1192, d - 4*f + 5*f - 301 = 0. List the prime factors of d.
13, 23
Suppose 5*k + u = 11, 23 = -0*k + 5*k - 2*u. Suppose -k*j + 69 = -15. List the prime factors of j.
2, 7
Let z = -594 - -2174. What are the prime factors of z?
2, 5, 79
Let i be 54/(-15) + 10/(-25). What are the prime factors of (54/4)/(i - (-51)/12)?
2, 3
Suppose 2*r - 2 = -3*g, 4*r + 12 = g - 12. Suppose k + 5*o = -k + 22, o = -g*k + 26. Suppose k*h - 106 = 4*h. List the prime factors of h.
53
Suppose -5*y = -6*y + 6. Suppose -35 = -5*w - 5*q, w + 2*q + 35 = y*w. Suppose 2*z - 2 = -4*o, -3*z - 3*o + 11 = -w. List the prime factors of z.
11
Let f = -1068 - -1960. What are the prime factors of f?
2, 223
Suppose -3*z + d = -2670